{"id":5140,"date":"2022-09-03T16:44:10","date_gmt":"2022-09-03T14:44:10","guid":{"rendered":"https:\/\/ckca.fr\/dev\/?page_id=5140"},"modified":"2026-01-17T09:21:01","modified_gmt":"2026-01-17T08:21:01","slug":"pagaie-loisir","status":"publish","type":"page","link":"https:\/\/ckca.fr\/dev\/pagaie-loisir\/","title":{"rendered":"Pagaie Loisir"},"content":{"rendered":"[vc_row][vc_column width=\u00a0\u00bb2\/3&Prime;][vc_column_text]\n<div class=\"row cf builder\">\n<div class=\"column builder one-1\">\n<div class=\"textwidget post-content\">\n<h2 style=\"text-align: center;\"><small>Activit\u00e9 Adultes-loisirs<\/small>Les Adultes Loisirs du CKCA<\/h2>\n<p>&nbsp;<\/p>\n<p>Vous recherchez une activit\u00e9 sportive de nature, pratiqu\u00e9e en groupe dans un esprit de bien-\u00eatre et de convivialit\u00e9 &#8230; la section adultes loisirs vous propose,<\/p>\n<p>\u25b8 Une diversit\u00e9 de pratiques recouvrant plusieurs disciplines du cano\u00eb-kayak : navigation en eaux calmes, en eaux-vives, en mer, kayak polo\u2026<br \/>\n\u25b8 Diff\u00e9rents types d&#8217;embarcations sont utilis\u00e9es : Kayaks de vitesse pour balade en rivi\u00e8re (bateaux de descente, course en ligne\u2026), Kayaks de mer, Kayaks d\u2019eaux vives, Kayaks de polo, Cano\u00ebs\u2026<br \/>\n\u25b8 Une priorit\u00e9 donn\u00e9e aux valeurs de convivialit\u00e9, partage, connaissance du milieu naturel, ouverture \u00e0 tous et plaisir\u2026<\/p>\n<p>Pour Qui ?<\/p>\n<p>Toute personne, d\u00e9butante ou exp\u00e9riment\u00e9e, souhaitant pratiquer le cano\u00eb kayak en loisir. L\u2019activit\u00e9 s\u2019adresse \u00e0 des adultes (\u00e0 partir de 16 ans).<\/p>\n<p>Comment ?<\/p>\n<p>Un encadrement par des moniteurs comp\u00e9tents et disponibles :<br \/>\nUne progression p\u00e9dagogique est propos\u00e9e, avec l\u2019apprentissage progressif des techniques de pagayage et des man\u0153uvres de s\u00e9curit\u00e9.<\/p>\n<p>Des activit\u00e9s r\u00e9guli\u00e8res :<br \/>\n\u25b8 Le samedi apr\u00e8s-midi, de 14h \u00e0 17h : s\u00e9ances sur la Maine, la Loire, la Mayenne, la Sarthe, le Loir, ou sur le lac.<br \/>\n\u25b8 Le mercredi\u00a0 soir, de 20h \u00e0 21h\u00a0 une semaine sur deux \u00e0 la piscine de la Roseraie : s\u00e9ances destin\u00e9es \u00e0 ma\u00eetriser la s\u00e9curit\u00e9, l\u2019\u00e9quilibre et les techniques d\u2019esquimautage.<\/p>\n<p>Et des activit\u00e9s en plus, pour ceux qui le souhaitent :<\/p>\n<p>\u25b8Un cr\u00e9neau fitness le jeudi soir \u00e0 la belle saison<br \/>\n\u25b8 Certains dimanches : sont propos\u00e9es des sorties sur les rivi\u00e8res du coin.<br \/>\n\u25b8 1 WE dans l\u2019ann\u00e9e : 1sortie \u00e0 la mer<br \/>\n\u25b8 Des \u00e9v\u00e9nements et manifestations : la section adultes loisirs participe et accompagne le club dans tous les \u00e9venement et manifestations que le CKCA organise&#8230; \u00ab Gardiens de la Rivi\u00e8re \u00bb de la F\u00e9d\u00e9ration Fran\u00e7aise de Cano\u00eb-Kayak avec le nettoyage des rives du lac et de la Maine, et la participation\u00a0 \u00e0 Tout Angers Bouge, short Race du lac de Maine, biathlon.\u2026<br \/>\n\u25b8 Des soir\u00e9es conviviales :\u00a0 Soir\u00e9e de No\u00ebl, F\u00eate du club en juin\u2026<\/p>\n<p>Nous contacter ?<br \/>\ninfo@ckca.fr<\/p>\n<\/div>\n<\/div>\n<\/div>\n[\/vc_column_text][\/vc_column][vc_column width=\u00a0\u00bb1\/3&Prime;][vc_gallery images=\u00a0\u00bb5857,5583,5581,5855,5888,5887,5886,5885,5884,5883,5882,5881,5880,5879,5878,5877,5875,5874,5873,5872,5871,5870,5869,5868,5867,5866,5865,5864,5854&Prime; columns=\u00a0\u00bb4&Prime; title=\u00a0\u00bbNos sorties\u00a0\u00bb][\/vc_column][\/vc_row]\n","protected":false},"excerpt":{"rendered":"<p>[vc_row][vc_column width=\u00a0\u00bb2\/3&Prime;][vc_column_text] Activit\u00e9 Adultes-loisirsLes Adultes Loisirs du CKCA &nbsp; Vous recherchez une activit\u00e9 sportive de nature, pratiqu\u00e9e en groupe dans [&hellip;]<\/p>\n","protected":false},"author":1,"featured_media":0,"parent":0,"menu_order":0,"comment_status":"closed","ping_status":"closed","template":"","meta":{"footnotes":""},"class_list":["post-5140","page","type-page","status-publish","hentry"],"yoast_head":"<!-- This site is optimized with the Yoast SEO plugin v18.9 - https:\/\/yoast.com\/wordpress\/plugins\/seo\/ -->\n<title>Pagaie Loisir - CKCA<\/title>\n<meta name=\"robots\" content=\"index, follow, max-snippet:-1, max-image-preview:large, max-video-preview:-1\" \/>\n<link rel=\"canonical\" href=\"https:\/\/ckca.fr\/dev\/pagaie-loisir\/\" \/>\n<meta property=\"og:locale\" content=\"fr_FR\" \/>\n<meta property=\"og:type\" content=\"article\" \/>\n<meta property=\"og:title\" content=\"Pagaie Loisir - CKCA\" \/>\n<meta property=\"og:description\" content=\"[vc_row][vc_column width=\u00a0\u00bb2\/3&Prime;][vc_column_text] Activit\u00e9 Adultes-loisirsLes Adultes Loisirs du CKCA &nbsp; Vous recherchez une activit\u00e9 sportive de nature, pratiqu\u00e9e en groupe dans [&hellip;]\" \/>\n<meta property=\"og:url\" content=\"https:\/\/ckca.fr\/dev\/pagaie-loisir\/\" \/>\n<meta property=\"og:site_name\" content=\"CKCA\" \/>\n<meta property=\"article:modified_time\" content=\"2026-01-17T08:21:01+00:00\" \/>\n<meta name=\"twitter:card\" content=\"summary_large_image\" \/>\n<meta name=\"twitter:label1\" content=\"Dur\u00e9e de lecture estim\u00e9e\" \/>\n\t<meta name=\"twitter:data1\" content=\"2 minutes\" \/>\n<script type=\"application\/ld+json\" class=\"yoast-schema-graph\">{\"@context\":\"https:\/\/schema.org\",\"@graph\":[{\"@type\":\"WebSite\",\"@id\":\"https:\/\/ckca.fr\/dev\/#website\",\"url\":\"https:\/\/ckca.fr\/dev\/\",\"name\":\"CKCA\",\"description\":\"Un site utilisant WordPress\",\"potentialAction\":[{\"@type\":\"SearchAction\",\"target\":{\"@type\":\"EntryPoint\",\"urlTemplate\":\"https:\/\/ckca.fr\/dev\/?s={search_term_string}\"},\"query-input\":\"required name=search_term_string\"}],\"inLanguage\":\"fr-FR\"},{\"@type\":\"WebPage\",\"@id\":\"https:\/\/ckca.fr\/dev\/pagaie-loisir\/#webpage\",\"url\":\"https:\/\/ckca.fr\/dev\/pagaie-loisir\/\",\"name\":\"Pagaie Loisir - CKCA\",\"isPartOf\":{\"@id\":\"https:\/\/ckca.fr\/dev\/#website\"},\"datePublished\":\"2022-09-03T14:44:10+00:00\",\"dateModified\":\"2026-01-17T08:21:01+00:00\",\"breadcrumb\":{\"@id\":\"https:\/\/ckca.fr\/dev\/pagaie-loisir\/#breadcrumb\"},\"inLanguage\":\"fr-FR\",\"potentialAction\":[{\"@type\":\"ReadAction\",\"target\":[\"https:\/\/ckca.fr\/dev\/pagaie-loisir\/\"]}]},{\"@type\":\"BreadcrumbList\",\"@id\":\"https:\/\/ckca.fr\/dev\/pagaie-loisir\/#breadcrumb\",\"itemListElement\":[{\"@type\":\"ListItem\",\"position\":1,\"name\":\"Accueil\",\"item\":\"https:\/\/ckca.fr\/dev\/\"},{\"@type\":\"ListItem\",\"position\":2,\"name\":\"Pagaie Loisir\"}]}]}<\/script>\n<!-- \/ Yoast SEO plugin. -->","yoast_head_json":{"title":"Pagaie Loisir - CKCA","robots":{"index":"index","follow":"follow","max-snippet":"max-snippet:-1","max-image-preview":"max-image-preview:large","max-video-preview":"max-video-preview:-1"},"canonical":"https:\/\/ckca.fr\/dev\/pagaie-loisir\/","og_locale":"fr_FR","og_type":"article","og_title":"Pagaie Loisir - CKCA","og_description":"[vc_row][vc_column width=\u00a0\u00bb2\/3&Prime;][vc_column_text] Activit\u00e9 Adultes-loisirsLes Adultes Loisirs du CKCA &nbsp; Vous recherchez une activit\u00e9 sportive de nature, pratiqu\u00e9e en groupe dans [&hellip;]","og_url":"https:\/\/ckca.fr\/dev\/pagaie-loisir\/","og_site_name":"CKCA","article_modified_time":"2026-01-17T08:21:01+00:00","twitter_card":"summary_large_image","twitter_misc":{"Dur\u00e9e de lecture estim\u00e9e":"2 minutes"},"schema":{"@context":"https:\/\/schema.org","@graph":[{"@type":"WebSite","@id":"https:\/\/ckca.fr\/dev\/#website","url":"https:\/\/ckca.fr\/dev\/","name":"CKCA","description":"Un site utilisant WordPress","potentialAction":[{"@type":"SearchAction","target":{"@type":"EntryPoint","urlTemplate":"https:\/\/ckca.fr\/dev\/?s={search_term_string}"},"query-input":"required name=search_term_string"}],"inLanguage":"fr-FR"},{"@type":"WebPage","@id":"https:\/\/ckca.fr\/dev\/pagaie-loisir\/#webpage","url":"https:\/\/ckca.fr\/dev\/pagaie-loisir\/","name":"Pagaie Loisir - CKCA","isPartOf":{"@id":"https:\/\/ckca.fr\/dev\/#website"},"datePublished":"2022-09-03T14:44:10+00:00","dateModified":"2026-01-17T08:21:01+00:00","breadcrumb":{"@id":"https:\/\/ckca.fr\/dev\/pagaie-loisir\/#breadcrumb"},"inLanguage":"fr-FR","potentialAction":[{"@type":"ReadAction","target":["https:\/\/ckca.fr\/dev\/pagaie-loisir\/"]}]},{"@type":"BreadcrumbList","@id":"https:\/\/ckca.fr\/dev\/pagaie-loisir\/#breadcrumb","itemListElement":[{"@type":"ListItem","position":1,"name":"Accueil","item":"https:\/\/ckca.fr\/dev\/"},{"@type":"ListItem","position":2,"name":"Pagaie Loisir"}]}]}},"_links":{"self":[{"href":"https:\/\/ckca.fr\/dev\/wp-json\/wp\/v2\/pages\/5140","targetHints":{"allow":["GET"]}}],"collection":[{"href":"https:\/\/ckca.fr\/dev\/wp-json\/wp\/v2\/pages"}],"about":[{"href":"https:\/\/ckca.fr\/dev\/wp-json\/wp\/v2\/types\/page"}],"author":[{"embeddable":true,"href":"https:\/\/ckca.fr\/dev\/wp-json\/wp\/v2\/users\/1"}],"replies":[{"embeddable":true,"href":"https:\/\/ckca.fr\/dev\/wp-json\/wp\/v2\/comments?post=5140"}],"version-history":[{"count":23,"href":"https:\/\/ckca.fr\/dev\/wp-json\/wp\/v2\/pages\/5140\/revisions"}],"predecessor-version":[{"id":5892,"href":"https:\/\/ckca.fr\/dev\/wp-json\/wp\/v2\/pages\/5140\/revisions\/5892"}],"wp:attachment":[{"href":"https:\/\/ckca.fr\/dev\/wp-json\/wp\/v2\/media?parent=5140"}],"curies":[{"name":"wp","href":"https:\/\/api.w.org\/{rel}","templated":true}]}}