{"id":29,"date":"2014-09-14T09:21:44","date_gmt":"2014-09-14T09:21:44","guid":{"rendered":"http:\/\/localhost\/final-leisure\/?page_id=29"},"modified":"2025-05-02T17:15:06","modified_gmt":"2025-05-02T15:15:06","slug":"canoe-kayak-club-angers","status":"publish","type":"page","link":"https:\/\/ckca.fr\/dev\/","title":{"rendered":"Accueil"},"content":{"rendered":"[vc_row position=\u00a0\u00bbright top\u00a0\u00bb el_class=\u00a0\u00bbcontent-padding-xxl\u00a0\u00bb][vc_column width=\u00a0\u00bb2\/3&Prime;][vc_column_text]\n<div class=\"row cf builder\">\n<div class=\"column builder one-1\">\n<div class=\"textwidget post-content\">\n<h2 style=\"text-align: center;\">Bienvenue sur le site du CKCA<br \/>\n<small>Cano\u00eb Kayak Club Angers<\/small><\/h2>\n<p>Le CKCA\u00a0: une grande exp\u00e9rience et de multiples activit\u00e9s<br \/>\nLe CKCA est une association cr\u00e9\u00e9e en 1978, afin de promouvoir la pratique du Cano\u00eb Kayak sous toutes ses formes. 200 adh\u00e9rents viennent r\u00e9guli\u00e8rement pratiquer leur discipline favorite durant toute l\u2019ann\u00e9e.<\/p>\n<p>Le CKCA propose des activit\u00e9s r\u00e9guli\u00e8res ou occasionnelles du Cano\u00eb-Kayak.<br \/>\nLes activit\u00e9s r\u00e9guli\u00e8res propos\u00e9es\u00a0:<br \/>\nEcole de pagaie<br \/>\n<a href=\"https:\/\/ckca.fr\/dev\/la-course-en-ligne\/\">Course En Ligne<\/a><br \/>\n<a href=\"https:\/\/ckca.fr\/dev\/pagaie-loisir\/\">Pagaie Loisir \u00ab\u00a0Kalamars\u00a0\u00bb<\/a><br \/>\n<a href=\"https:\/\/ckca.fr\/dev\/pink-ladies\/\">Sport Sant\u00e9 Pink Ladies<\/a><\/p>\n<p>Les activit\u00e9s occasionnelles\u00a0: (idem)<br \/>\nStages<br \/>\nLocations<br \/>\nCours ponctuels<\/p>\n<p>Le CKCA\u00a0: des valeurs affirm\u00e9es<\/p>\n<p>Nos activit\u00e9s sont fond\u00e9es sur les valeurs suivantes\u00a0:<\/p>\n<p>Qualit\u00e9, Professionnalisme<br \/>\nApprentissage et progression dans l\u2019acquisition des comp\u00e9tences pour tous<br \/>\nD\u00e9passement de soi<br \/>\nPlaisir<br \/>\nAccueil et ouverture \u00e0 toutes personnes<br \/>\nConvivialit\u00e9, Partage, D\u00e9veloppement des liens aux autres, Education \u00e0 la vie en groupe, solidarit\u00e9<br \/>\nRespect, protection, \u00e9ducation \u00e0 l\u2019environnement<\/p>\n<p>CKCA : Nos missions et objectifs<\/p>\n<p>Promouvoir la pratique des sports de pagaie.<br \/>\nAccueillir toutes personnes souhaitant d\u00e9couvrir les sports de pagaie.<br \/>\nContribuer au d\u00e9veloppement du sport de haut niveau.<br \/>\nD\u00e9velopper la sensibilit\u00e9 \u00e0 l\u2019environnement et \u00e0 sa pr\u00e9servation.<br \/>\nMutualiser et partager des moyens, et des comp\u00e9tences.<\/p>\n<p>\u2026 Et les objectifs pour nos pratiquants\u00a0:<br \/>\nPratiquer le cano\u00eb, le kayak, le SUP en toute s\u00e9curit\u00e9, et en harmonie avec son environnement, apprendre, d\u00e9velopper ses techniques.<br \/>\nFaire partie d\u2019un collectif, partager le plaisir de pratiquer.<br \/>\nEntretenir, am\u00e9liorer ou retrouver sa sant\u00e9 par le sport.<br \/>\nUn site de pratique exceptionnel<br \/>\nLe parc de loisirs du Lac de Maine (220 hectares, dont 110 pour le lac) nous permet d\u2019avoir le lieu de pratique le plus polyvalent du d\u00e9partement pour pratiquer les diff\u00e9rentes disciplines qui composent le Cano\u00eb Kayak. Nous disposons d\u2019un bassin permanent pour la course en ligne, de bassins sp\u00e9cifiques pour le slalom et le kayak polo. Nous acc\u00e9dons ais\u00e9ment aux rivi\u00e8res du bassin de la Maine.<\/p>\n<p>Une grande capacit\u00e9 d\u2019accueil<br \/>\nUn parc \u00e0 bateau de qualit\u00e9 dot\u00e9 de plus 300 embarcations, soit jusqu\u2019\u00e0 200 places pour la randonn\u00e9e et l\u2019initiation \u00e0 la navigation. Des moniteurs dipl\u00f4m\u00e9s d\u2019\u00c9tat pour un encadrement de qualit\u00e9. Une logistique pour l\u2019organisation de grands \u00e9v\u00e9nements sportifs.<\/p>\n<p>Des Labellisations<br \/>\nEFCK\u00a0\u2013 Ecole Fran\u00e7aise de Cano\u00eb Kayak \u2013 label qui r\u00e9compense les clubs qui ont atteint un niveau de qualit\u00e9 tel que d\u00e9finit dans le cahier des charges du label pr\u00e9vu par la F\u00e9d\u00e9ration Fran\u00e7aise de Cano\u00eb Kayak,<br \/>\nSport Sant\u00e9\u00a0\u2013 Label Sport Sant\u00e9 1 dans la cadre du Plan r\u00e9gional \u00ab\u00a0sport sant\u00e9 bien-\u00eatre\u00a0\u00bb afin de promouvoir les bienfaits d\u2019une activit\u00e9 physique et sportive.<br \/>\nGardiens de Rivi\u00e8re\u00a0: Label attribu\u00e9 par la F\u00e9d\u00e9ration fran\u00e7aise de Cano\u00eb-kayak pour des actions de veille et de protection de l\u2019environnement<br \/>\nRejoignez-nous \u2026\u2028\u2026 et pagayons ensemble !!<\/p>\n<\/div>\n<\/div>\n<\/div>\n<div class=\"row cf builder\">\n<div class=\"column builder two-third\">\n<div class=\"textwidget post-content\"><\/div>\n<\/div>\n<\/div>\n[\/vc_column_text][\/vc_column][vc_column width=\u00a0\u00bb1\/3&Prime;][vc_column_text]\n<div class=\"text-center well content-padding\">\n<span class='hotel-icon-241 hi-3x color-primary hi-boxed' ><\/span>\n<h3><small>Besoin d&rsquo;un renseignement<\/small>02 41 72 07 04<\/h3>\n<h3><a href=\"mailto:info@ckca.fr\">info@ckca.fr<\/a><\/h3>\n<\/div>\n[\/vc_column_text][vc_column_text]\n<h3><b>Ouverture du site de location et des inscriptions pour les stages d&rsquo;\u00e9t\u00e9!<\/b><\/h3>\n<p><b> <\/b><b>C&rsquo;est reparti, vous pouvez r\u00e9server votre kayak en ligne pour une navigation libre sur le lac de Maine!<\/b><\/p>\n<p><strong>Vous pouvez \u00e9galement r\u00e9server votre stage pour votre enfant cet \u00e9t\u00e9!<\/strong><\/p>\n<p>&nbsp;<\/p>\n<p><img loading=\"lazy\" decoding=\"async\" class=\"alignnone size-medium wp-image-5789\" src=\"https:\/\/ckca.fr\/dev\/wp-content\/uploads\/2025\/05\/WhatsApp-Image-2025-05-02-at-14.13.56-300x225.jpeg\" alt=\"\" width=\"300\" height=\"225\" srcset=\"https:\/\/ckca.fr\/dev\/wp-content\/uploads\/2025\/05\/WhatsApp-Image-2025-05-02-at-14.13.56-300x225.jpeg 300w, https:\/\/ckca.fr\/dev\/wp-content\/uploads\/2025\/05\/WhatsApp-Image-2025-05-02-at-14.13.56-1024x768.jpeg 1024w, https:\/\/ckca.fr\/dev\/wp-content\/uploads\/2025\/05\/WhatsApp-Image-2025-05-02-at-14.13.56-768x576.jpeg 768w, https:\/\/ckca.fr\/dev\/wp-content\/uploads\/2025\/05\/WhatsApp-Image-2025-05-02-at-14.13.56-1536x1152.jpeg 1536w, https:\/\/ckca.fr\/dev\/wp-content\/uploads\/2025\/05\/WhatsApp-Image-2025-05-02-at-14.13.56.jpeg 2040w\" sizes=\"auto, (max-width: 300px) 100vw, 300px\" \/>[\/vc_column_text][\/vc_column][\/vc_row][vc_row full_width=\u00a0\u00bbstretch_row\u00a0\u00bb parallax=\u00a0\u00bbcontent-moving\u00a0\u00bb el_class=\u00a0\u00bbtext-center white-box content-padding\u00a0\u00bb css=\u00a0\u00bb.vc_custom_1651429009516{background-image: url(https:\/\/ckca.fr\/dev\/wp-content\/uploads\/2022\/04\/278542297_675346533723368_1940688840420406938_n-e1651428960769.jpg?id=4765) !important;}\u00a0\u00bb curly_min_height=\u00a0\u00bb600&Prime;][vc_column el_class=\u00a0\u00bbtext-center white-box content-padding\u00a0\u00bb]<h2 class=\"text-center\">Ils parlent de nous<\/h2><div class='testimonials-carousel  owl-with-navigation' data-owl='{&quot;items&quot;:3,&quot;nav&quot;:false,&quot;navText&quot;:[],&quot;loop&quot;:true,&quot;autoplay&quot;:true,&quot;autoplayTimeout&quot;:&quot;2000&quot;,&quot;autoplayHoverPause&quot;:true,&quot;responsive&quot;:{&quot;0&quot;:{&quot;items&quot;:1,&quot;dots&quot;:true,&quot;nav&quot;:false},&quot;767&quot;:{&quot;items&quot;:2,&quot;dots&quot;:true},&quot;992&quot;:{&quot;items&quot;:3,&quot;dots&quot;:true}}}'><div class='testimonial'>\n      <h4 class='testimonial-title'>\n      Barbara ***              <small>\n          08\/08\/2019        <\/small>\n          <\/h4>\n        <p>Si vous voulez pratiquer ce sport ce lieu est pour vous !<\/p>\n    <a href='#' class='btn-inline btn' target=\"_self\">#<\/a>\n<\/div>\n<div class='testimonial'>\n      <h4 class='testimonial-title'>\n      Laurence ***              <small>\n          Avril 2022        <\/small>\n          <\/h4>\n        <p>Accueil tr\u00e8s sympathique, une \u00e9quipe de passionn\u00e9s.<\/p>\n    <a href='#' class='btn-inline btn' target=\"_self\"><\/a>\n<\/div>\n<div class='testimonial'>\n      <h4 class='testimonial-title'>\n      L'ang ***              <small>\n          08\/2021        <\/small>\n          <\/h4>\n        <p>Tr\u00e8s contente de cette promenade en cano\u00eb un dimanche.<br \/>\nUn accueil tr\u00e8s sympathique.<br \/>\nLes prix sont tr\u00e8s abordables 5\u20ac\/ pers pour 1 heure sinon 8\u20ac\/pers pour 2h et un bon pour une prochaine fois une heure achet\u00e9e une heure offerte. Dommage qu\u2019il n\u2019y ai pas de cano\u00eb 4 places.<br \/>\nNous reviendrons avec grand plaisir.<\/p>\n    <a href='#' class='btn-inline btn' target=\"_self\"><\/a>\n<\/div>\n<div class='testimonial'>\n      <h4 class='testimonial-title'>\n      Marie ***              <small>\n          08\/2019        <\/small>\n          <\/h4>\n        <p>Accueil au top juste un petit B\u00e9mol mais ils n'y peuvent rien : l'eau \u00e9tait tr\u00e8s sale voire pollu\u00e9e causant des irritation de la peau<\/p>\n    <a href='#' class='btn-inline btn' target=\"_self\"><\/a>\n<\/div>\n<div class='testimonial'>\n      <h4 class='testimonial-title'>\n      Claire ***              <small>\n          07\/2021        <\/small>\n          <\/h4>\n        <p>Une super demi journ\u00e9e de kayak entre copines! Merci de nous avoir conseill\u00e9 un autre parcours plus adapt\u00e9 \u00e0 la m\u00e9t\u00e9o du jour!<\/p>\n    <a href='#' class='btn-inline btn' target=\"_self\"><\/a>\n<\/div>\n<div class='testimonial'>\n      <h4 class='testimonial-title'>\n      C\u00e9line ***              <small>\n          08\/2020        <\/small>\n          <\/h4>\n        <p>Tr\u00e8s bonne exp\u00e9rience et personnel accueillant. Je me demande juste ce que fait le moniteur sur son ordinateur \u00e0 l'int\u00e9rieur de sa cabine quand sa coll\u00e8gue est d\u00e9j\u00e0 d\u00e9bord\u00e9e par l'affluence des clients. En tout cas elle a vraiment \u00e9t\u00e9 plaisante.<\/p>\n    <a href='#' class='btn-inline btn' target=\"_self\"><\/a>\n<\/div>\n<div class='testimonial'>\n      <h4 class='testimonial-title'>\n      St\u00e9phanie ***              <small>\n          08\/2021        <\/small>\n          <\/h4>\n        <p>Tr\u00e8s bon accueil.Belle balade en kayak et paddle.Materiel r\u00e9cent et performant.Merci \u00e0 l'\u00e9quipe pour ce bon moment de loisirs sportif sur le lac de Maine<\/p>\n    <a href='#' class='btn-inline btn' target=\"_self\"><\/a>\n<\/div>\n<div class='testimonial'>\n      <h4 class='testimonial-title'>\n      Frederic ***              <small>\n          04\/2021        <\/small>\n          <\/h4>\n        <p>La promenade sur le lac tres agreable .Aussi bien sportif que surprenant avec tout ces oiseaux a decouvrir . Avec une equipe tres agreable<\/p>\n    <a href='#' class='btn-inline btn' target=\"_self\"><\/a>\n<\/div>\n<div class='testimonial'>\n      <h4 class='testimonial-title'>\n      Baptiste ***              <small>\n          08\/2021        <\/small>\n          <\/h4>\n        <p>experience incroyable<\/p>\n    <a href='#' class='btn-inline btn' target=\"_self\"><\/a>\n<\/div>\n<\/div>[\/vc_column][\/vc_row]\n","protected":false},"excerpt":{"rendered":"<p>[vc_row position=\u00a0\u00bbright top\u00a0\u00bb el_class=\u00a0\u00bbcontent-padding-xxl\u00a0\u00bb][vc_column width=\u00a0\u00bb2\/3&Prime;][vc_column_text] Bienvenue sur le site du CKCA Cano\u00eb Kayak Club Angers Le CKCA\u00a0: une grande exp\u00e9rience [&hellip;]<\/p>\n","protected":false},"author":1,"featured_media":4636,"parent":0,"menu_order":0,"comment_status":"closed","ping_status":"closed","template":"","meta":{"footnotes":""},"class_list":["post-29","page","type-page","status-publish","has-post-thumbnail","hentry"],"yoast_head":"<!-- This site is optimized with the Yoast SEO plugin v18.9 - https:\/\/yoast.com\/wordpress\/plugins\/seo\/ -->\n<title>Accueil - CKCA<\/title>\n<meta name=\"description\" content=\"Le Canoe Kayak Club d&#039;Angers est situ\u00e9 sur le parc de loisirs du lac de Maine. Stages \u00e9t\u00e9, \u00e9cole de pagaie, loisir, comp\u00e9tition.\" \/>\n<meta name=\"robots\" content=\"index, follow, max-snippet:-1, max-image-preview:large, max-video-preview:-1\" \/>\n<link rel=\"canonical\" href=\"https:\/\/ckca.fr\/dev\/\" \/>\n<meta property=\"og:locale\" content=\"fr_FR\" \/>\n<meta property=\"og:type\" content=\"article\" \/>\n<meta property=\"og:title\" content=\"Accueil - CKCA\" \/>\n<meta property=\"og:description\" content=\"Le Canoe Kayak Club d&#039;Angers est situ\u00e9 sur le parc de loisirs du lac de Maine. Stages \u00e9t\u00e9, \u00e9cole de pagaie, loisir, comp\u00e9tition.\" \/>\n<meta property=\"og:url\" content=\"https:\/\/ckca.fr\/dev\/\" \/>\n<meta property=\"og:site_name\" content=\"CKCA\" \/>\n<meta property=\"article:modified_time\" content=\"2025-05-02T15:15:06+00:00\" \/>\n<meta property=\"og:image\" content=\"https:\/\/ckca.fr\/dev\/wp-content\/uploads\/2022\/04\/capucine-couche-de-soleil-scaled-e1651058489364.jpg\" \/>\n\t<meta property=\"og:image:width\" content=\"1920\" \/>\n\t<meta property=\"og:image:height\" content=\"940\" \/>\n\t<meta property=\"og:image:type\" content=\"image\/jpeg\" \/>\n<meta name=\"twitter:card\" content=\"summary_large_image\" \/>\n<meta name=\"twitter:label1\" content=\"Dur\u00e9e de lecture estim\u00e9e\" \/>\n\t<meta name=\"twitter:data1\" content=\"4 minutes\" \/>\n<script type=\"application\/ld+json\" class=\"yoast-schema-graph\">{\"@context\":\"https:\/\/schema.org\",\"@graph\":[{\"@type\":\"WebSite\",\"@id\":\"https:\/\/ckca.fr\/dev\/#website\",\"url\":\"https:\/\/ckca.fr\/dev\/\",\"name\":\"CKCA\",\"description\":\"Un site utilisant WordPress\",\"potentialAction\":[{\"@type\":\"SearchAction\",\"target\":{\"@type\":\"EntryPoint\",\"urlTemplate\":\"https:\/\/ckca.fr\/dev\/?s={search_term_string}\"},\"query-input\":\"required name=search_term_string\"}],\"inLanguage\":\"fr-FR\"},{\"@type\":\"ImageObject\",\"inLanguage\":\"fr-FR\",\"@id\":\"https:\/\/ckca.fr\/dev\/#primaryimage\",\"url\":\"https:\/\/ckca.fr\/dev\/wp-content\/uploads\/2022\/04\/capucine-couche-de-soleil-scaled-e1651058489364.jpg\",\"contentUrl\":\"https:\/\/ckca.fr\/dev\/wp-content\/uploads\/2022\/04\/capucine-couche-de-soleil-scaled-e1651058489364.jpg\",\"width\":1920,\"height\":940,\"caption\":\"smart\"},{\"@type\":\"WebPage\",\"@id\":\"https:\/\/ckca.fr\/dev\/#webpage\",\"url\":\"https:\/\/ckca.fr\/dev\/\",\"name\":\"Accueil - CKCA\",\"isPartOf\":{\"@id\":\"https:\/\/ckca.fr\/dev\/#website\"},\"primaryImageOfPage\":{\"@id\":\"https:\/\/ckca.fr\/dev\/#primaryimage\"},\"datePublished\":\"2014-09-14T09:21:44+00:00\",\"dateModified\":\"2025-05-02T15:15:06+00:00\",\"description\":\"Le Canoe Kayak Club d'Angers est situ\u00e9 sur le parc de loisirs du lac de Maine. Stages \u00e9t\u00e9, \u00e9cole de pagaie, loisir, comp\u00e9tition.\",\"breadcrumb\":{\"@id\":\"https:\/\/ckca.fr\/dev\/#breadcrumb\"},\"inLanguage\":\"fr-FR\",\"potentialAction\":[{\"@type\":\"ReadAction\",\"target\":[\"https:\/\/ckca.fr\/dev\/\"]}]},{\"@type\":\"BreadcrumbList\",\"@id\":\"https:\/\/ckca.fr\/dev\/#breadcrumb\",\"itemListElement\":[{\"@type\":\"ListItem\",\"position\":1,\"name\":\"Accueil\",\"item\":\"https:\/\/ckca.fr\/dev\/\"},{\"@type\":\"ListItem\",\"position\":2,\"name\":\"Accueil\"}]}]}<\/script>\n<!-- \/ Yoast SEO plugin. -->","yoast_head_json":{"title":"Accueil - CKCA","description":"Le Canoe Kayak Club d'Angers est situ\u00e9 sur le parc de loisirs du lac de Maine. Stages \u00e9t\u00e9, \u00e9cole de pagaie, loisir, comp\u00e9tition.","robots":{"index":"index","follow":"follow","max-snippet":"max-snippet:-1","max-image-preview":"max-image-preview:large","max-video-preview":"max-video-preview:-1"},"canonical":"https:\/\/ckca.fr\/dev\/","og_locale":"fr_FR","og_type":"article","og_title":"Accueil - CKCA","og_description":"Le Canoe Kayak Club d'Angers est situ\u00e9 sur le parc de loisirs du lac de Maine. Stages \u00e9t\u00e9, \u00e9cole de pagaie, loisir, comp\u00e9tition.","og_url":"https:\/\/ckca.fr\/dev\/","og_site_name":"CKCA","article_modified_time":"2025-05-02T15:15:06+00:00","og_image":[{"width":1920,"height":940,"url":"https:\/\/ckca.fr\/dev\/wp-content\/uploads\/2022\/04\/capucine-couche-de-soleil-scaled-e1651058489364.jpg","type":"image\/jpeg"}],"twitter_card":"summary_large_image","twitter_misc":{"Dur\u00e9e de lecture estim\u00e9e":"4 minutes"},"schema":{"@context":"https:\/\/schema.org","@graph":[{"@type":"WebSite","@id":"https:\/\/ckca.fr\/dev\/#website","url":"https:\/\/ckca.fr\/dev\/","name":"CKCA","description":"Un site utilisant WordPress","potentialAction":[{"@type":"SearchAction","target":{"@type":"EntryPoint","urlTemplate":"https:\/\/ckca.fr\/dev\/?s={search_term_string}"},"query-input":"required name=search_term_string"}],"inLanguage":"fr-FR"},{"@type":"ImageObject","inLanguage":"fr-FR","@id":"https:\/\/ckca.fr\/dev\/#primaryimage","url":"https:\/\/ckca.fr\/dev\/wp-content\/uploads\/2022\/04\/capucine-couche-de-soleil-scaled-e1651058489364.jpg","contentUrl":"https:\/\/ckca.fr\/dev\/wp-content\/uploads\/2022\/04\/capucine-couche-de-soleil-scaled-e1651058489364.jpg","width":1920,"height":940,"caption":"smart"},{"@type":"WebPage","@id":"https:\/\/ckca.fr\/dev\/#webpage","url":"https:\/\/ckca.fr\/dev\/","name":"Accueil - CKCA","isPartOf":{"@id":"https:\/\/ckca.fr\/dev\/#website"},"primaryImageOfPage":{"@id":"https:\/\/ckca.fr\/dev\/#primaryimage"},"datePublished":"2014-09-14T09:21:44+00:00","dateModified":"2025-05-02T15:15:06+00:00","description":"Le Canoe Kayak Club d'Angers est situ\u00e9 sur le parc de loisirs du lac de Maine. Stages \u00e9t\u00e9, \u00e9cole de pagaie, loisir, comp\u00e9tition.","breadcrumb":{"@id":"https:\/\/ckca.fr\/dev\/#breadcrumb"},"inLanguage":"fr-FR","potentialAction":[{"@type":"ReadAction","target":["https:\/\/ckca.fr\/dev\/"]}]},{"@type":"BreadcrumbList","@id":"https:\/\/ckca.fr\/dev\/#breadcrumb","itemListElement":[{"@type":"ListItem","position":1,"name":"Accueil","item":"https:\/\/ckca.fr\/dev\/"},{"@type":"ListItem","position":2,"name":"Accueil"}]}]}},"_links":{"self":[{"href":"https:\/\/ckca.fr\/dev\/wp-json\/wp\/v2\/pages\/29","targetHints":{"allow":["GET"]}}],"collection":[{"href":"https:\/\/ckca.fr\/dev\/wp-json\/wp\/v2\/pages"}],"about":[{"href":"https:\/\/ckca.fr\/dev\/wp-json\/wp\/v2\/types\/page"}],"author":[{"embeddable":true,"href":"https:\/\/ckca.fr\/dev\/wp-json\/wp\/v2\/users\/1"}],"replies":[{"embeddable":true,"href":"https:\/\/ckca.fr\/dev\/wp-json\/wp\/v2\/comments?post=29"}],"version-history":[{"count":123,"href":"https:\/\/ckca.fr\/dev\/wp-json\/wp\/v2\/pages\/29\/revisions"}],"predecessor-version":[{"id":5793,"href":"https:\/\/ckca.fr\/dev\/wp-json\/wp\/v2\/pages\/29\/revisions\/5793"}],"wp:featuredmedia":[{"embeddable":true,"href":"https:\/\/ckca.fr\/dev\/wp-json\/wp\/v2\/media\/4636"}],"wp:attachment":[{"href":"https:\/\/ckca.fr\/dev\/wp-json\/wp\/v2\/media?parent=29"}],"curies":[{"name":"wp","href":"https:\/\/api.w.org\/{rel}","templated":true}]}}