{"id":11,"date":"2014-09-14T09:19:10","date_gmt":"2014-09-14T09:19:10","guid":{"rendered":"http:\/\/localhost\/final-leisure\/?page_id=11"},"modified":"2023-02-04T14:45:00","modified_gmt":"2023-02-04T13:45:00","slug":"resort","status":"publish","type":"page","link":"https:\/\/ckca.fr\/dev\/resort\/","title":{"rendered":"Nos locaux"},"content":{"rendered":"[vc_row][vc_column width=\u00a0\u00bb2\/3&Prime;][vc_column_text]Le <strong>PAVOA<\/strong> (<strong>PA<\/strong>gaies et <strong>V<\/strong>oiles <strong>A<\/strong>ngevines) est un b\u00e2timent municipal construit en 2004.<\/p>\n<p><img loading=\"lazy\" decoding=\"async\" class=\"wp-image-4671 size-medium alignleft\" src=\"https:\/\/ckca.fr\/dev\/wp-content\/uploads\/2022\/04\/278156382_772891907042896_4885809131198013696_n-3-300x225.jpg\" alt=\"\" width=\"300\" height=\"225\" srcset=\"https:\/\/ckca.fr\/dev\/wp-content\/uploads\/2022\/04\/278156382_772891907042896_4885809131198013696_n-3-300x225.jpg 300w, https:\/\/ckca.fr\/dev\/wp-content\/uploads\/2022\/04\/278156382_772891907042896_4885809131198013696_n-3-1024x769.jpg 1024w, https:\/\/ckca.fr\/dev\/wp-content\/uploads\/2022\/04\/278156382_772891907042896_4885809131198013696_n-3-768x577.jpg 768w, https:\/\/ckca.fr\/dev\/wp-content\/uploads\/2022\/04\/278156382_772891907042896_4885809131198013696_n-3-1536x1154.jpg 1536w, https:\/\/ckca.fr\/dev\/wp-content\/uploads\/2022\/04\/278156382_772891907042896_4885809131198013696_n-3.jpg 2048w\" sizes=\"auto, (max-width: 300px) 100vw, 300px\" \/>Sa situation au c\u0153ur du Lac de Maine, \u00e0 proximit\u00e9 de la Pyramide nous permet de recevoir dans les meilleures conditions les membres du club et tous nos groupes au cours de l&rsquo;ann\u00e9e. Son hall d\u2019entr\u00e9e de grande capacit\u00e9 permet l\u2019accueil et la r\u00e9ception de groupes importants. Un acc\u00e8s facile et une infrastructure id\u00e9ale : des locaux modernes, une salle de r\u00e9union, 2 vestiaires hommes et femmes, des casiers de rangement. 3 grands bureaux le composent car nous le partageons avec le service Municipal des Sports ainsi qu&rsquo;avec le club de NDC Voile. Ce partage permet l\u2019organisation d\u2019activit\u00e9s et de stages communs, surtout durant la p\u00e9riode estivale.[\/vc_column_text][\/vc_column][vc_column width=\u00a0\u00bb1\/3&Prime;][vc_gallery images=\u00a0\u00bb4368,4363,4365,4349&Prime; img_size=\u00a0\u00bbmedium\u00a0\u00bb columns=\u00a0\u00bb2&Prime;][\/vc_column][\/vc_row]\n","protected":false},"excerpt":{"rendered":"<p>[vc_row][vc_column width=\u00a0\u00bb2\/3&Prime;][vc_column_text]Le PAVOA (PAgaies et Voiles Angevines) est un b\u00e2timent municipal construit en 2004. Sa situation au c\u0153ur du Lac [&hellip;]<\/p>\n","protected":false},"author":1,"featured_media":0,"parent":0,"menu_order":0,"comment_status":"open","ping_status":"open","template":"","meta":{"footnotes":""},"class_list":["post-11","page","type-page","status-publish","hentry"],"yoast_head":"<!-- This site is optimized with the Yoast SEO plugin v18.9 - https:\/\/yoast.com\/wordpress\/plugins\/seo\/ -->\n<title>Nos locaux - CKCA<\/title>\n<meta name=\"robots\" content=\"index, follow, max-snippet:-1, max-image-preview:large, max-video-preview:-1\" \/>\n<link rel=\"canonical\" href=\"https:\/\/ckca.fr\/dev\/resort\/\" \/>\n<meta property=\"og:locale\" content=\"fr_FR\" \/>\n<meta property=\"og:type\" content=\"article\" \/>\n<meta property=\"og:title\" content=\"Nos locaux - CKCA\" \/>\n<meta property=\"og:description\" content=\"[vc_row][vc_column width=\u00a0\u00bb2\/3&Prime;][vc_column_text]Le PAVOA (PAgaies et Voiles Angevines) est un b\u00e2timent municipal construit en 2004. Sa situation au c\u0153ur du Lac [&hellip;]\" \/>\n<meta property=\"og:url\" content=\"https:\/\/ckca.fr\/dev\/resort\/\" \/>\n<meta property=\"og:site_name\" content=\"CKCA\" \/>\n<meta property=\"article:modified_time\" content=\"2023-02-04T13:45:00+00:00\" \/>\n<meta property=\"og:image\" content=\"https:\/\/ckca.fr\/dev\/wp-content\/uploads\/2022\/04\/278156382_772891907042896_4885809131198013696_n-3-300x225.jpg\" \/>\n<meta name=\"twitter:card\" content=\"summary_large_image\" \/>\n<meta name=\"twitter:label1\" content=\"Dur\u00e9e de lecture estim\u00e9e\" \/>\n\t<meta name=\"twitter:data1\" content=\"1 minute\" \/>\n<script type=\"application\/ld+json\" class=\"yoast-schema-graph\">{\"@context\":\"https:\/\/schema.org\",\"@graph\":[{\"@type\":\"WebSite\",\"@id\":\"https:\/\/ckca.fr\/dev\/#website\",\"url\":\"https:\/\/ckca.fr\/dev\/\",\"name\":\"CKCA\",\"description\":\"Un site utilisant WordPress\",\"potentialAction\":[{\"@type\":\"SearchAction\",\"target\":{\"@type\":\"EntryPoint\",\"urlTemplate\":\"https:\/\/ckca.fr\/dev\/?s={search_term_string}\"},\"query-input\":\"required name=search_term_string\"}],\"inLanguage\":\"fr-FR\"},{\"@type\":\"ImageObject\",\"inLanguage\":\"fr-FR\",\"@id\":\"https:\/\/ckca.fr\/dev\/resort\/#primaryimage\",\"url\":\"https:\/\/ckca.fr\/dev\/wp-content\/uploads\/2022\/04\/278156382_772891907042896_4885809131198013696_n-3.jpg\",\"contentUrl\":\"https:\/\/ckca.fr\/dev\/wp-content\/uploads\/2022\/04\/278156382_772891907042896_4885809131198013696_n-3.jpg\",\"width\":2048,\"height\":1538},{\"@type\":\"WebPage\",\"@id\":\"https:\/\/ckca.fr\/dev\/resort\/#webpage\",\"url\":\"https:\/\/ckca.fr\/dev\/resort\/\",\"name\":\"Nos locaux - CKCA\",\"isPartOf\":{\"@id\":\"https:\/\/ckca.fr\/dev\/#website\"},\"primaryImageOfPage\":{\"@id\":\"https:\/\/ckca.fr\/dev\/resort\/#primaryimage\"},\"datePublished\":\"2014-09-14T09:19:10+00:00\",\"dateModified\":\"2023-02-04T13:45:00+00:00\",\"breadcrumb\":{\"@id\":\"https:\/\/ckca.fr\/dev\/resort\/#breadcrumb\"},\"inLanguage\":\"fr-FR\",\"potentialAction\":[{\"@type\":\"ReadAction\",\"target\":[\"https:\/\/ckca.fr\/dev\/resort\/\"]}]},{\"@type\":\"BreadcrumbList\",\"@id\":\"https:\/\/ckca.fr\/dev\/resort\/#breadcrumb\",\"itemListElement\":[{\"@type\":\"ListItem\",\"position\":1,\"name\":\"Accueil\",\"item\":\"https:\/\/ckca.fr\/dev\/\"},{\"@type\":\"ListItem\",\"position\":2,\"name\":\"Nos locaux\"}]}]}<\/script>\n<!-- \/ Yoast SEO plugin. -->","yoast_head_json":{"title":"Nos locaux - CKCA","robots":{"index":"index","follow":"follow","max-snippet":"max-snippet:-1","max-image-preview":"max-image-preview:large","max-video-preview":"max-video-preview:-1"},"canonical":"https:\/\/ckca.fr\/dev\/resort\/","og_locale":"fr_FR","og_type":"article","og_title":"Nos locaux - CKCA","og_description":"[vc_row][vc_column width=\u00a0\u00bb2\/3&Prime;][vc_column_text]Le PAVOA (PAgaies et Voiles Angevines) est un b\u00e2timent municipal construit en 2004. Sa situation au c\u0153ur du Lac [&hellip;]","og_url":"https:\/\/ckca.fr\/dev\/resort\/","og_site_name":"CKCA","article_modified_time":"2023-02-04T13:45:00+00:00","og_image":[{"url":"https:\/\/ckca.fr\/dev\/wp-content\/uploads\/2022\/04\/278156382_772891907042896_4885809131198013696_n-3-300x225.jpg"}],"twitter_card":"summary_large_image","twitter_misc":{"Dur\u00e9e de lecture estim\u00e9e":"1 minute"},"schema":{"@context":"https:\/\/schema.org","@graph":[{"@type":"WebSite","@id":"https:\/\/ckca.fr\/dev\/#website","url":"https:\/\/ckca.fr\/dev\/","name":"CKCA","description":"Un site utilisant WordPress","potentialAction":[{"@type":"SearchAction","target":{"@type":"EntryPoint","urlTemplate":"https:\/\/ckca.fr\/dev\/?s={search_term_string}"},"query-input":"required name=search_term_string"}],"inLanguage":"fr-FR"},{"@type":"ImageObject","inLanguage":"fr-FR","@id":"https:\/\/ckca.fr\/dev\/resort\/#primaryimage","url":"https:\/\/ckca.fr\/dev\/wp-content\/uploads\/2022\/04\/278156382_772891907042896_4885809131198013696_n-3.jpg","contentUrl":"https:\/\/ckca.fr\/dev\/wp-content\/uploads\/2022\/04\/278156382_772891907042896_4885809131198013696_n-3.jpg","width":2048,"height":1538},{"@type":"WebPage","@id":"https:\/\/ckca.fr\/dev\/resort\/#webpage","url":"https:\/\/ckca.fr\/dev\/resort\/","name":"Nos locaux - CKCA","isPartOf":{"@id":"https:\/\/ckca.fr\/dev\/#website"},"primaryImageOfPage":{"@id":"https:\/\/ckca.fr\/dev\/resort\/#primaryimage"},"datePublished":"2014-09-14T09:19:10+00:00","dateModified":"2023-02-04T13:45:00+00:00","breadcrumb":{"@id":"https:\/\/ckca.fr\/dev\/resort\/#breadcrumb"},"inLanguage":"fr-FR","potentialAction":[{"@type":"ReadAction","target":["https:\/\/ckca.fr\/dev\/resort\/"]}]},{"@type":"BreadcrumbList","@id":"https:\/\/ckca.fr\/dev\/resort\/#breadcrumb","itemListElement":[{"@type":"ListItem","position":1,"name":"Accueil","item":"https:\/\/ckca.fr\/dev\/"},{"@type":"ListItem","position":2,"name":"Nos locaux"}]}]}},"_links":{"self":[{"href":"https:\/\/ckca.fr\/dev\/wp-json\/wp\/v2\/pages\/11","targetHints":{"allow":["GET"]}}],"collection":[{"href":"https:\/\/ckca.fr\/dev\/wp-json\/wp\/v2\/pages"}],"about":[{"href":"https:\/\/ckca.fr\/dev\/wp-json\/wp\/v2\/types\/page"}],"author":[{"embeddable":true,"href":"https:\/\/ckca.fr\/dev\/wp-json\/wp\/v2\/users\/1"}],"replies":[{"embeddable":true,"href":"https:\/\/ckca.fr\/dev\/wp-json\/wp\/v2\/comments?post=11"}],"version-history":[{"count":13,"href":"https:\/\/ckca.fr\/dev\/wp-json\/wp\/v2\/pages\/11\/revisions"}],"predecessor-version":[{"id":5006,"href":"https:\/\/ckca.fr\/dev\/wp-json\/wp\/v2\/pages\/11\/revisions\/5006"}],"wp:attachment":[{"href":"https:\/\/ckca.fr\/dev\/wp-json\/wp\/v2\/media?parent=11"}],"curies":[{"name":"wp","href":"https:\/\/api.w.org\/{rel}","templated":true}]}}